?
-2576
In base 2, what is -1011111 + 11?
-1011100
In base 13, what is -9 - 3?
-c
In base 13, what is -5 + 69c?
697
In base 4, what is -2 + -30202?
-30210
In base 8, what is 0 + 4527?
4527
In base 7, what is 121 - 13?
105
In base 15, what is -7a + -14e?
-1c9
In base 6, what is 114 + 1?
115
In base 8, what is -7 - -4?
-3
In base 12, what is 1242 + -1?
1241
In base 16, what is -5 + -44?
-49
In base 15, what is 4 - -49?
4d
In base 12, what is -9 + 685?
678
In base 12, what is -23 + 25?
2
In base 6, what is 0 + 1432?
1432
In base 14, what is 68 + 7?
71
In base 11, what is 122 + 0?
122
In base 12, what is 241 - 0?
241
In base 3, what is -1010 + 10?
-1000
In base 12, what is -6 - 587?
-591
In base 8, what is 1 + -151?
-150
In base 13, what is 2 + -47?
-45
In base 3, what is 12 + -1021?
-1002
In base 16, what is 10 + 14?
24
In base 3, what is -1112 + 12?
-1100
In base 12, what is 59 - -168?
205
In base 11, what is 466 + -3?
463
In base 15, what is 7 - -5?
c
In base 8, what is 432 + -7?
423
In base 11, what is -230 - 2?
-232
In base 11, what is -1 - 70?
-71
In base 10, what is -217 - 9?
-226
In base 6, what is -54 + -5?
-103
In base 2, what is 10111101111 + 100?
10111110011
In base 9, what is -138 - -5?
-133
In base 13, what is 0 - -21?
21
In base 10, what is 3445 + 2?
3447
In base 6, what is 3 - -35?
42
In base 15, what is 4ec - -2?
4ee
In base 5, what is -411 + 0?
-411
In base 2, what is 10 + -1010111?
-1010101
In base 7, what is 15 - -116?
134
In base 16, what is -2 - 1d?
-1f
In base 10, what is 23 + 3?
26
In base 8, what is -6021 + 5?
-6014
In base 9, what is -84 + -2?
-86
In base 2, what is 100 + -1010?
-110
In base 4, what is 100 - -322?
1022
In base 5, what is -1 + -33?
-34
In base 12, what is b2 + -4?
aa
In base 5, what is -4424 - 2?
-4431
In base 5, what is 322 + -10?
312
In base 5, what is 3130 + -4?
3121
In base 10, what is 132 - -1?
133
In base 4, what is 0 + -203?
-203
In base 6, what is -40 + 10?
-30
In base 2, what is 1100 + 1110111?
10000011
In base 6, what is 531 - -5?
540
In base 5, what is 3 - -343?
401
In base 4, what is -20 - -122231?
122211
In base 16, what is 1 - -77?
78
In base 12, what is 6 + 10?
16
In base 3, what is -220 + 1120?
200
In base 5, what is 1321 + -10?
1311
In base 12, what is -1422 + 0?
-1422
In base 6, what is 1 + 102?
103
In base 10, what is -344 + -2?
-346
In base 16, what is 4 - 31?
-2d
In base 6, what is 1 + 4355?
4400
In base 2, what is 100 - 11011110?
-11011010
In base 13, what is -168 + 2?
-166
In base 12, what is 25 - 64?
-3b
In base 8, what is -3 - -1154?
1151
In base 5, what is -1404 + 10?
-1344
In base 2, what is -10101011010 - 100?
-10101011110
In base 13, what is -1b1 + -b?
-1bc
In base 13, what is -4 - -444?
440
In base 4, what is 10 - -11103?
11113
In base 11, what is -195 + -4?
-199
In base 3, what is -1 - 20202?
-20210
In base 11, what is 2337 - 3?
2334
In base 4, what is 3020 + 3?
3023
In base 2, what is -1101 - -111010?
101101
In base 2, what is -111110010 + -1010?
-111111100
In base 15, what is -5 - 3e?
-44
In base 12, what is 35 - -325?
35a
In base 13, what is 7ac + -5?
7a7
In base 5, what is 3 + -3044?
-3041
In base 12, what is -4 + 755?
751
In base 10, what is 1 + 34?
35
In base 7, what is -10462 + -4?
-10466
In base 5, what is -2034 + -2?
-2041
In base 16, what is -3 + -b88?
-b8b
In base 7, what is 3 + -1542?
-1536
In base 3, what is -2 - 1101?
-1110
In base 11, what is -3 + -1410?
-1413
In base 7, what is 215 - -5?
223
In base 14, what is -52 - -2?
-50
In base 8, what is -57 + 1?
-56
In base 3, what is -2 + -22112?
-22121
In base 7, what is -3 + -14510?
-14513
In base 7, what is -5 - -3620?
3612
In base 7, what is -2 + 2444?
2442
In base 16, what is -4 - 2cc?
-2d0
In base 6, what is 2 - 1515?
-1513
In base 12, what is -1a45 - -5?
-1a40
In base 3, what is -2222 - 1?
-10000
In base 16, what is 2 - -2d?
2f
In base 5, what is -10 + -211?
-221
In base 12, what is -3 - 20?
-23
In base 2, what is -100 - 1100011110?
-1100100010
In base 10, what is 36 - 39?
-3
In base 9, what is -24630 + -5?
-24635
In base 13, what is -4 + 657?
653
In base 14, what is -53 - 4?
-57
In base 12, what is -3 - -5b?
58
In base 5, what is -130 + 21?
-104
In base 5, what is 34 - 20?
14
In base 8, what is -1141 + 31?
-1110
In base 16, what is -3 - 2f?
-32
In base 6, what is 24133 - -3?
24140
In base 12, what is 23 - 63?
-40
In base 15, what is 2243 - -2?
2245
In base 8, what is -2 - 5162?
-5164
In base 10, what is 22 - -217?
239
In base 5, what is -2 + -1241?
-1243
In base 4, what is -23 - 130?
-213
In base 11, what is -3 - -610?
608
In base 11, what is 123 + -3?
120
In base 4, what is -1 + -320?
-321
In base 13, what is -3a + -28?
-65
In base 3, what is 11012211 + 2?
11012220
In base 11, what is 0 + -1a72?
-1a72
In base 7, what is 32 - 636?
-604
In base 10, what is 0 + 3610?
3610
In base 13, what is a - 76?
-69
In base 5, what is 10 + 31?
41
In base 14, what is -49 - -1d?
-2a
In base 5, what is 2110 - -4?
2114
In base 3, what is 11 - 101222?
-101211
In base 11, what is -2 - -21?
1a
In base 15, what is 0 - 12c?
-12c
In base 15, what is -3 + 10?
c
In base 4, what is 2212 + 3?
2221
In base 6, what is 3 + 10555?
11002
In base 4, what is 1 - 2300?
-2233
In base 11, what is 16 + 12?
28
In base 7, what is 44 - 4?
40
In base 8, what is -131 + -5?
-136
In base 3, what is 2 - -20100110?
20100112
In base 16, what is a8 - 8?
a0
In base 2, what is -10 - 11001001111?
-11001010001
In base 6, what is 3 - -510?
513
In base 4, what is 1002 - -100?
1102
In base 11, what is 9 + 126?
134
In base 2, what is 101000100111101 - -100?
101000101000001
In base 9, what is 3 - -762?
765
In base 5, what is -430202 + -2?
-430204
In base 10, what is 76 - 1?
75
In base 10, what is 3 - -1338?
1341
In base 13, what is -4 - -2c?
28
In base 8, what is -5354 + -1?
-5355
In base 16, what is 1e15 - -3?
1e18
In base 8, what is 26 - -23?
51
In base 2, what is 100 - -1011110110?
1011111010
In base 15, what is -83 + 79?
-9
In base 13, what is -85 + -2?
-87
In base 6, what is -3 - -211?
204
In base 10, what is 2881 + -3?
2878
In base 7, what is 4 - 2614?
-2610
In base 16, what is 1271 - -3?
1274
In base 4, what is 23011 - 111?
22300
In base 3, what is -1 + 222?
221
In base 12, what is 0 - -155b?
155b
In base 5, what is 1441 - 22?
1414
In base 12, what is -345 + 5?
-340
In base 11, what is 5490 + -5?
5486
In base 2, what is 10 - 1001001?
-1000111
In base 6, what is 1214 - 0?
1214
In base 3, what is -11 - 102?
-120
In base 13, what is -70 - -37?
-36
In base 15, what is -23 + 2?
-21
In base 9, what is 42 - 7?
34
In base 3, what is 0 + -12?
-12
In base 8, what is 1 - 143?
-142
In base 11, what is 2 + a0a?
a11
In base 12, what is -5 - -5b9?
5b4
In base 9, what is -3 + -1217?
-1221
In base 11, what is 0 - -a1?
a1
In base 16, what is -e33 - -1?
-e32
In base 2, what is -100000101001 + 101?
-100000100100
In base 10, what is 807 - -7?
814
In base 7, what is -62 - 5?
-100
In base 12, what is 43 - -1?
44
In base 12, what is 150 + -2?
14a
In base 16, what is -1b + -148?
-163
In base 7, what is -2 - -11065?
11063
In base 7, what is -51 + -1114?
-1165
In base 12, what is 8 - 408?
-400
In base 11, what is 34a5 + -1?
34a4
In base 14, what is 216 + 2?
218
In base 10, what is -1 + -2302?
-2303
In base 8, what is -6227 + -5?
-6234
In base 9, what is 610 + 2?
612
In base 4, what is 13 + -2133?
-2120
In base 12, what is 12 + 4?
16
In base 9, what is 355 + 16?
372
In base 6, what is 141 - 3?
134
In base 9, what is 602 - 2?
600
In base 16, what is 6623 - 5?
661e
In base 6, what is -4 - 100?
-104
In base 8, what is 112 - 0?
112
In base 11, what is -81 - -4?
-78
In base 6, what is 2 - 423?
-421
In base 4, what is 11 + 1310?
1321
In base 8, what is -10 + -20?
-30
In base 6, what is -323 - -4?
-315
In base 2, what is -10100011111 + 0?
-10100011111
In base 16, what is -118c - 0?
-118c
In base 3, what is 11 + -2201101?
-2201020
In base 10, what is -114 - -4?
-110
In base 6, what is 5 - 1152?
-1143
In base 10, what is -43 - -170?
127
In base 15, what is 5 - 67c?
-677
In base 13, what is 14 - -10?
24
In base 14, what is -383 + 0?
-383
In base 8, what is 1 - -600?
601
In base 13, what is -749 - 4?
-750
In base 9, what is -4 - -38?
34
In base 12, what is -23028 - -3?
-23025
In base 10, what is 